0.
238
What is the greatest common divisor of 9379977 and 2403?
267
Calculate the highest common factor of 38 and 5972118.
38
Calculate the greatest common factor of 2512 and 39822422.
314
Calculate the highest common divisor of 912 and 852640.
16
Calculate the highest common factor of 27037 and 14786393.
1423
What is the greatest common factor of 27417195 and 4095?
585
Calculate the highest common factor of 120025 and 243575.
25
Calculate the highest common divisor of 2298039 and 6206.
107
Calculate the greatest common divisor of 2943 and 25437766.
109
Calculate the highest common factor of 640944361 and 1688.
211
What is the greatest common divisor of 162 and 991170?
54
What is the greatest common factor of 3056 and 57700?
4
What is the highest common divisor of 49 and 663300113?
49
Calculate the highest common factor of 27521 and 12064.
377
Calculate the highest common factor of 4989805 and 190.
5
What is the greatest common factor of 19299014 and 14?
14
Calculate the highest common factor of 28751468 and 404.
404
What is the greatest common factor of 42 and 120534078?
42
What is the highest common divisor of 9671112 and 261?
9
What is the greatest common factor of 1862 and 551789?
49
Calculate the highest common factor of 2594852 and 52.
52
What is the greatest common factor of 266 and 515342?
2
Calculate the highest common divisor of 40 and 280881240.
40
What is the greatest common divisor of 55610 and 3227870?
830
What is the highest common divisor of 112 and 346864?
112
What is the greatest common divisor of 931545946 and 1102?
1102
What is the highest common divisor of 6957 and 966250?
773
Calculate the greatest common factor of 106 and 63245165.
53
What is the greatest common factor of 332 and 40704?
4
What is the highest common divisor of 81 and 35262?
27
What is the highest common divisor of 9790 and 6305090?
110
What is the highest common factor of 105248 and 288?
32
Calculate the highest common divisor of 135694 and 1661.
1
Calculate the highest common divisor of 10 and 571777.
1
Calculate the highest common divisor of 21112 and 286288.
232
Calculate the greatest common factor of 20826 and 11709018.
1602
What is the highest common divisor of 2686120 and 640?
40
Calculate the highest common factor of 90 and 160040190.
30
Calculate the greatest common factor of 4 and 4448839.
1
What is the greatest common divisor of 43632 and 1190992?
1616
Calculate the greatest common divisor of 45199760 and 70.
10
What is the highest common divisor of 177163087 and 95?
19
Calculate the greatest common divisor of 94814880 and 180.
60
What is the greatest common factor of 627 and 4485327?
33
What is the highest common divisor of 11736 and 62005200?
3912
Calculate the highest common factor of 6490 and 11294.
2
Calculate the highest common factor of 18 and 125901396.
18
What is the highest common divisor of 5874602 and 438?
146
Calculate the highest common factor of 711 and 4562408.
79
What is the greatest common divisor of 441 and 39376008?
441
What is the greatest common factor of 7374 and 2205467538?
7374
What is the greatest common divisor of 1062753102 and 183?
183
Calculate the greatest common factor of 154686116 and 1131.
377
Calculate the highest common divisor of 28560 and 114555.
105
What is the highest common factor of 18880 and 1323488?
1888
Calculate the greatest common factor of 41 and 2920310034.
41
Calculate the greatest common divisor of 682850 and 550.
50
What is the greatest common divisor of 14066952 and 24?
24
Calculate the greatest common divisor of 5192 and 4300274.
1298
Calculate the greatest common divisor of 562 and 528548355.
281
Calculate the highest common divisor of 3935428 and 2268.
28
Calculate the highest common divisor of 3196 and 316676.
68
What is the highest common factor of 2715 and 68474291?
181
Calculate the highest common divisor of 67488 and 1060272.
1776
Calculate the highest common divisor of 3286570 and 189805.
1015
What is the highest common factor of 4232 and 595632840?
4232
Calculate the greatest common divisor of 2637 and 38237379.
879
What is the greatest common factor of 5100 and 6959460?
1020
Calculate the greatest common divisor of 617 and 262605072.
617
Calculate the highest common factor of 112920 and 221344.
8
Calculate the highest common factor of 333982 and 3729638.
1034
Calculate the greatest common divisor of 24 and 3440058.
6
Calculate the highest common factor of 7584834 and 1044.
174
Calculate the highest common factor of 140998 and 4238.
26
What is the greatest common divisor of 86 and 41134832?
86
What is the greatest common factor of 288872542 and 222?
74
What is the greatest common factor of 166374 and 8166704?
2054
What is the greatest common divisor of 46168 and 586652?
796
What is the greatest common factor of 4928 and 22496640?
64
What is the highest common factor of 15506302 and 126?
14
Calculate the highest common divisor of 2750 and 34871750.
250
What is the highest common factor of 37741 and 1209263?
517
Calculate the greatest common divisor of 15020093 and 3267.
121
What is the highest common factor of 55275 and 16125225?
5025
What is the greatest common divisor of 207 and 38753022?
69
Calculate the highest common divisor of 18036 and 1404.
108
Calculate the highest common factor of 1400720 and 464.
16
Calculate the highest common divisor of 2597 and 949177.
53
Calculate the greatest common divisor of 213052632 and 416.
104
What is the greatest common divisor of 850241 and 621?
23
Calculate the highest common divisor of 19024377 and 3927.
51
What is the highest common factor of 1744547 and 1470?
49
Calculate the highest common divisor of 687120 and 36960.
1680
Calculate the highest common divisor of 7031 and 1835723.
79
What is the greatest common factor of 3014 and 28372289?
1507
What is the highest common divisor of 26575 and 115867?
1063
What is the highest common factor of 234657 and 5184?
81
Calculate the greatest common factor of 39445 and 36455.
115
Calculate the greatest common factor of 308325240 and 36.
36
What is the greatest common divisor of 6817 and 86215?
401
What is the highest common factor of 19480795 and 84835?
4465
Calculate the greatest common divisor of 74566 and 389574.
46
Calculate the greatest common divisor of 192 and 1073408.
64
Calculate the highest common divisor of 194664 and 1944.
24
Calculate the highest common factor of 57 and 59340515.
19
What is the highest common factor of 288 and 35946?
18
What is the greatest common divisor of 758 and 74004677?
379
Calculate the greatest common factor of 341334 and 3086755.
2107
Calculate the greatest common divisor of 90 and 242707455.
45
What is the greatest common factor of 2708875 and 279500?
1625
Calculate the highest common factor of 461992334 and 228.
38
Calculate the greatest common factor of 80055 and 10995.
15
Calculate the greatest common factor of 3976 and 15341396.
1988
Calculate the greatest common factor of 5275824 and 192.
48
Calculate the highest common divisor of 4541 and 9937.
19
What is the highest common factor of 608742238 and 3562?
3562
What is the greatest common factor of 78078 and 1060306?
338
What is the greatest common factor of 223098 and 816378?
618
Calculate the highest common divisor of 114964226 and 4238.
4238
What is the greatest common divisor of 4420 and 556595?
65
Calculate the greatest common factor of 14097420 and 12240.
3060
Calculate the greatest common factor of 5584 and 1214869.
349
Calculate the greatest common factor of 2 and 2208250.
2
Calculate the greatest common factor of 47 and 9241657.
47
Calculate the greatest common divisor of 4200 and 18730.
10
What is the greatest common factor of 445 and 21178440?
445
Calculate the highest common factor of 48251 and 86219.
791
What is the greatest common factor of 1450 and 22477975?
25
Calculate the highest common factor of 132714975 and 625.
25
Calculate the highest common factor of 146779312 and 21520.
4304
Calculate the greatest common factor of 12214 and 2449.
31
What is the highest common factor of 6716388 and 537684?
3108
What is the greatest common factor of 45819 and 341415?
27
What is the greatest common factor of 2171 and 4784383?
167
What is the highest common divisor of 14634 and 81571?
271
Calculate 